?
75
What is the greatest common divisor of 209 and 55?
11
What is the highest common factor of 370 and 2516?
74
What is the greatest common factor of 261 and 28536?
87
Calculate the highest common divisor of 347 and 80851.
347
What is the highest common divisor of 3780 and 700?
140
What is the greatest common factor of 5290 and 30?
10
Calculate the greatest common divisor of 77 and 56.
7
What is the highest common divisor of 2448 and 340?
68
Calculate the greatest common factor of 116 and 17.
1
What is the greatest common divisor of 64 and 2328?
8
What is the highest common factor of 637 and 168?
7
Calculate the greatest common divisor of 4050 and 1300.
50
Calculate the highest common factor of 48 and 58.
2
Calculate the highest common divisor of 960 and 360.
120
What is the greatest common divisor of 213 and 3?
3
Calculate the greatest common divisor of 28 and 140.
28
Calculate the greatest common divisor of 2245 and 5.
5
Calculate the highest common divisor of 715 and 13.
13
Calculate the highest common factor of 180 and 315.
45
Calculate the highest common factor of 78 and 237.
3
What is the highest common divisor of 273 and 91?
91
Calculate the highest common divisor of 175 and 315.
35
What is the highest common factor of 6634 and 124?
62
What is the highest common divisor of 1391 and 107?
107
Calculate the highest common divisor of 3 and 249.
3
What is the highest common factor of 728 and 832?
104
What is the greatest common divisor of 1246 and 14?
14
Calculate the highest common divisor of 39 and 663.
39
Calculate the greatest common factor of 371 and 63.
7
Calculate the greatest common divisor of 27 and 351.
27
What is the greatest common factor of 7362 and 126?
18
Calculate the greatest common factor of 52 and 1950.
26
What is the highest common factor of 1145 and 20?
5
Calculate the highest common factor of 62 and 217.
31
What is the highest common divisor of 77 and 473?
11
What is the greatest common factor of 175 and 25?
25
Calculate the highest common factor of 420 and 120.
60
Calculate the greatest common factor of 5 and 365.
5
Calculate the highest common divisor of 70 and 14.
14
Calculate the greatest common divisor of 81 and 153.
9
Calculate the highest common factor of 2294 and 1767.
31
What is the highest common divisor of 659 and 1?
1
What is the greatest common factor of 92 and 161?
23
Calculate the greatest common divisor of 38 and 247.
19
Calculate the greatest common divisor of 17883 and 9.
9
What is the greatest common factor of 418 and 572?
22
Calculate the greatest common factor of 116 and 319.
29
What is the highest common divisor of 6 and 2548?
2
Calculate the highest common divisor of 262 and 45326.
262
Calculate the greatest common divisor of 6784 and 265.
53
Calculate the greatest common factor of 42 and 48.
6
What is the highest common factor of 105 and 560?
35
Calculate the highest common divisor of 5699 and 139.
139
What is the highest common factor of 4 and 251?
1
Calculate the greatest common divisor of 654 and 6.
6
What is the highest common divisor of 12 and 76?
4
What is the highest common divisor of 890 and 2581?
89
Calculate the greatest common factor of 3193 and 103.
103
Calculate the greatest common divisor of 4395 and 15.
15
Calculate the highest common divisor of 25 and 85.
5
Calculate the greatest common factor of 1 and 41.
1
What is the highest common factor of 20 and 68?
4
What is the highest common factor of 170 and 2346?
34
Calculate the greatest common divisor of 3818 and 46.
46
What is the greatest common divisor of 77 and 231?
77
Calculate the greatest common factor of 35 and 203.
7
What is the highest common factor of 13 and 104?
13
What is the greatest common factor of 115 and 2645?
115
Calculate the highest common factor of 759 and 69.
69
What is the greatest common divisor of 10 and 30610?
10
Calculate the greatest common divisor of 734 and 2.
2
Calculate the highest common divisor of 145 and 4118.
29
Calculate the highest common divisor of 104 and 8.
8
Calculate the greatest common divisor of 9490 and 5.
5
Calculate the highest common factor of 81 and 513.
27
What is the greatest common divisor of 90 and 10?
10
What is the greatest common divisor of 976 and 256?
16
What is the highest common factor of 10 and 135?
5
Calculate the highest common divisor of 1406 and 114.
38
What is the greatest common divisor of 135 and 837?
27
What is the highest common factor of 38 and 2774?
38
What is the greatest common divisor of 60 and 1140?
60
What is the greatest common factor of 55 and 264?
11
Calculate the greatest common divisor of 20 and 620.
20
What is the greatest common divisor of 2775 and 111?
111
What is the greatest common divisor of 79 and 10823?
79
What is the highest common divisor of 8033 and 29?
29
Calculate the highest common divisor of 1029 and 336.
21
Calculate the greatest common divisor of 224 and 168.
56
Calculate the highest common divisor of 54460 and 70.
70
Calculate the highest common factor of 2820 and 90.
30
Calculate the greatest common factor of 144 and 4176.
144
Calculate the highest common factor of 210 and 714.
42
What is the highest common divisor of 23 and 14237?
23
What is the highest common factor of 114 and 1672?
38
What is the greatest common factor of 897 and 1014?
39
What is the highest common divisor of 5 and 410?
5
What is the highest common divisor of 230 and 368?
46
Calculate the highest common factor of 3232 and 224.
32
Calculate the greatest common factor of 123 and 21.
3
What is the greatest common divisor of 759 and 69?
69
Calculate the highest common divisor of 101 and 707.
101
Calculate the greatest common factor of 989 and 344.
43
What is the highest common divisor of 2279 and 424?
53
Calculate the greatest common divisor of 84 and 126.
42
Calculate the greatest common divisor of 16 and 214.
2
What is the greatest common divisor of 2678 and 52?
26
What is the greatest common factor of 49 and 3381?
49
What is the highest common factor of 63 and 27?
9
What is the greatest common factor of 301 and 315?
7
Calculate the highest common divisor of 322 and 14.
14
Calculate the greatest common divisor of 98 and 868.
14
Calculate the greatest common divisor of 625 and 35.
5
Calculate the greatest common divisor of 81 and 459.
27
What is the greatest common divisor of 11 and 12056?
11
What is the greatest common factor of 85 and 1054?
17
Calculate the greatest common factor of 25 and 175.
25
Calculate the highest common factor of 1054 and 408.
34
What is the greatest common divisor of 72 and 624?
24
What is the highest common divisor of 18 and 1278?
18
What is the highest common divisor of 83 and 5395?
83
Calculate the highest common divisor of 214 and 31886.
214
Calculate the greatest common divisor of 9 and 393.
3
Calculate the greatest common divisor of 812 and 644.
28
What is the greatest common divisor of 147 and 21?
21
Calculate the highest common divisor of 28 and 64.
4
What is the greatest common factor of 1530 and 90?
90
Calculate the highest common factor of 8 and 24.
8
What is the greatest common divisor of 114 and 1862?
38
Calculate the greatest common factor of 10483 and 11.
11
What is the greatest common divisor of 90 and 10?
10
What is the highest common divisor of 16 and 3952?
16
What is the highest common factor of 377 and 91?
13
Calculate the greatest common divisor of 6 and 306.
6
Calculate the greatest common factor of 40 and 35.
5
Calculate the highest common factor of 24 and 4386.
6
What is the greatest common factor of 182 and 52?
26
What is the highest common factor of 1560 and 1092?
156
What is the highest common factor of 1 and 13?
1
What is the highest common divisor of 40 and 344?
8
Calculate the greatest common factor of 170 and 20.
10
What is the highest common divisor of 208 and 2224?
16
Calculate the greatest common factor of 851 and 46.
23
Calculate the greatest common divisor of 42 and 147.
21
Calculate the highest common divisor of 138 and 1219.
23
What is the greatest common divisor of 105 and 135?
15
What is the greatest common divisor of 5 and 85?
5
Calculate the greatest common factor of 15 and 255.
15
What is the greatest common divisor of 42 and 350?
14
Calculate the greatest common divisor of 300 and 456.
12
Cal